7 - 1869473 = 0. What is the remainder when v is divided by 8?
6
Suppose 4*b + 7*h + 55 = 0, -h - 13 = 14*b - 16*b. What is the remainder when (100/6)/(8/12) is divided by b?
1
Let h = -352 - -365. What is the remainder when 244 is divided by (-1 + h/(-5))/((-60)/1400)?
76
Let d be 0 + (-11)/((-22)/8). Suppose 0*w = 2*w + d, b - 4*w - 15 = 0. Calculate the remainder when b is divided by 6.
1
Let f(r) = -272*r**3 - r**2 + 41*r + 40. Calculate the remainder when f(-1) is divided by 60.
30
Let h(z) = -2*z**3 - 4*z**2 + 9*z - 19. Let f be h(3). Calculate the remainder when 92 is divided by (-1 - 23)/(41/f).
44
Suppose -50*o - 287 = -6537. Suppose 0 = 13*q + o - 372. Calculate the remainder when 339 is divided by q.
16
Calculate the remainder when 234 is divided by ((-60)/(-18))/(8/144).
54
Let p(a) = -13*a - 26. Let t be p(-6). Suppose 40*r + 204 = t*r. Calculate the remainder when r is divided by 12.
5
Suppose -3*v - 4*h = -1891, -4*v = -0*v - h - 2515. Suppose 8*y + v = 3189. Calculate the remainder when y is divided by 36.
32
Let i(x) = -31*x - 11. Let y be i(-3). Suppose 0 = q - y - 67. Suppose -4*b + 2*m = -104, -3*b = -2*b + 4*m - 17. What is the remainder when q is divided by b?
24
Let z = 7139 - 7118. Let y = 72 - -28. What is the remainder when y is divided by z?
16
What is the remainder when (8725/(-10))/(215/(-86)) is divided by 22?
19
Let z = -1113 - -1942. Calculate the remainder when z is divided by 26.
23
Suppose 5*q + 4 = 64. Let h be (-15 + 23)*(-502)/(-16). Let t = 259 - h. What is the remainder when q is divided by t?
4
Let d(m) = -m**2 + 1. Let u be d(-2). Let g be u/(-9)*396/6. Let s = g - 8. Calculate the remainder when 82 is divided by s.
12
Let x(c) = -c**3 + 4*c**2 - 2*c - 3. Let g be x(3). Let o be (90/(-24))/(g + 6/(-16)). Suppose o*t - 6*t = 12. What is the remainder when t is divided by 2?
1
Let v = 29 + 127. Let g = v - 63. What is the remainder when g is divided by 4?
1
Suppose 2*j - 3*a - 9 = 106, -2*j + 112 = -4*a. Calculate the remainder when 23123 is divided by j.
59
Let a(x) = -x**3 - 7*x**2 + 31*x + 17. Let p be a(-9). What is the remainder when (154/5)/(5*(-8)/p) is divided by 14?
7
Suppose -456*f - 7515 = -447*f. Let o = f + 848. Calculate the remainder when 128 is divided by o.
11
Let s be 9/6*2/(-3). Let k = 8076 + -8072. Calculate the remainder when (1 - -6)*(-1)/s is divided by k.
3
Suppose -8 = 4*s, 35*s - 30*s = n - 26. Calculate the remainder when 60 is divided by n.
12
Let u = 21594 - 9728. Calculate the remainder when u is divided by 6.
4
Calculate the remainder when 92 is divided by 9 - ((20592/(-91))/(-33))/((-4)/14).
26
Let k = 222 + 52. Let p = -239 + k. Calculate the remainder when 169 is divided by p.
29
Suppose 3*a + 163 = 2*w, 5*a = 3*w + 2*a - 249. Let j = w - 29. Suppose 5*m - 1137 = -17. Calculate the remainder when m is divided by j.
53
Suppose -v = -6*v - 10, -j - 3*v = -94. Let o = j - 68. Calculate the remainder when o is divided by (-1)/(3/(-33)*1).
10
Let p(o) = 9*o**2 - 124*o + 2057. What is the remainder when p(15) is divided by 16?
14
Let n(j) = -3*j**3 - 21*j**2 - 9*j - 16. Let k be n(-7). Suppose -r + 457 = -p, k - 44 = p. Calculate the remainder when r is divided by 14.
12
Let k be (-185)/(-25) + -7 - 2297/5. Let w = k + 489. Suppose 0 = s - 3*u - 51, 49 = s - 2*u - 2*u. Calculate the remainder when s is divided by w.
27
Suppose 0 = 2*k - 6, -5*j = -5*k - 4 - 6. Suppose -3*x + 78 = j*r, -3*r - 5*x + 34 = -0*x. What is the remainder when 31 is divided by r?
13
Suppose -40 + 25 = -3*x, -2*i + 201 = x. What is the remainder when i is divided by 23?
6
Suppose 5*r + 131*r = -67*r + 259028. What is the remainder when r is divided by 81?
61
Let q(z) = -6*z**2 - 8*z. Let b(y) = 18*y**2 + 23*y + 1. Let r(k) = 3*b(k) + 8*q(k). What is the remainder when 185 is divided by r(-2)?
15
Let t(q) = -q**2 + 36*q - 167. Calculate the remainder when 103 is divided by t(28).
46
Let l(z) = 420*z - 175. What is the remainder when l(3) is divided by 280?
245
Let b(m) be the first derivative of 11*m**2/2 - 9*m - 1. Suppose -49*y + 72 + 663 = 0. What is the remainder when b(6) is divided by y?
12
Let r(m) = 2*m + 69. Calculate the remainder when 196 is divided by r(-17).
21
Let f(j) = 2*j**2 - 10*j - 3. Let u be f(6). Let y(d) = -8*d**2 + 2*d + 10*d**2 - 16 - u*d. Calculate the remainder when 51 is divided by y(6).
9
Let y = 196 + -190. Let u = 5 - 16. Calculate the remainder when 95 is divided by 9*u*-2*1/y.
29
Suppose -251 = 3*z + 5*h - 1775, -5*z = 2*h - 2521. What is the remainder when z is divided by 233?
37
Calculate the remainder when (68/12)/(-17)*(3 - 6)*8291 is divided by 34.
29
Suppose a + 162 = u, 16*a = 3*u + 17*a - 494. Suppose 13*m + u = 5*b + 11*m, 3*b - 5*m = 87. Calculate the remainder when 69 is divided by b.
1
Let i be 5/(-20)*-4 - 0. Let a be 2 + 9 + -2 + i. Suppose -24 = -a*k + 6*k. What is the remainder when 17 is divided by k?
5
Suppose 18*a = 66*a - 8256. Calculate the remainder when a is divided by (-1079)/(-52) + 1/4 - -4.
22
Let m = 12 + -8. Let d(q) = 119*q**2 + q**3 - 2*q**3 + 1 - 125*q**2 + 1 + 27*q. Calculate the remainder when m is divided by d(-9).
0
Let r(v) = 9*v + 110. Let i be (3 + 1)*1 - 0. Suppose 2*j - 26 = -i. What is the remainder when r(-8) is divided by j?
5
Suppose 5*w - 1501 = 95 + 534. What is the remainder when w is divided by 50?
26
Let g(a) = a**3 + 9*a**2 + 2*a - 42. Let i be g(8). Suppose 116*y - 110*y = i. Calculate the remainder when y is divided by 15.
12
What is the remainder when 2943 is divided by 762/508*(-1172)/(-3)?
13
Let l(c) = 247*c - 2464. Calculate the remainder when l(62) is divided by 306.
304
Calculate the remainder when 934 - (54/(54/6) + -5) is divided by 461.
11
Suppose -45*g - 2*b - 134 = -49*g, 0 = -g + 3*b + 41. Suppose -2*s + 139 = -5*f, -3*s = -2*f - f - 195. Calculate the remainder when s is divided by g.
30
Suppose -r + 2*b = -8, -b + 52 + 25 = 4*r. Let p = 1023 - 936. What is the remainder when p is divided by r?
15
Let y(z) = -137*z + 2867. Calculate the remainder when y(20) is divided by 15.
7
What is the remainder when 3275 is divided by (-3)/(-21 - (-2430)/117)?
12
Let u(s) = -8*s - 17*s - 20 + 26*s - 10*s. Let c(b) = -2*b**2 - 5*b - 2. Let z be c(-3). What is the remainder when 98 is divided by u(z)?
23
Let f be (-356)/(-3) - (-215)/(-129). Let w = 148 - f. Calculate the remainder when w is divided by 11.
9
Let n = 9994 + -5917. What is the remainder when n is divided by 53?
49
What is the remainder when (6/(-30) - -13)/((-1)/(-85)) is divided by 60?
8
Suppose -11*l + l + 324 = -l. Calculate the remainder when l is divided by 4.
0
Let s(a) = 40*a**2 + 505*a - 46. Let j(u) = 3 - 1 + 1 + 4*u. What is the remainder when s(-13) is divided by j(4)?
16
Let k = 64 + -39. Let s = -9 + k. Let n(x) = -x**3 + 15*x**2 + 17*x + 15. Calculate the remainder when n(s) is divided by 11.
9
What is the remainder when 802 is divided by (-30)/(-25) - (-3100)/125?
22
Suppose -2*d = -3*s + 46, s + 381*d - 24 = 386*d. What is the remainder when 1468 is divided by s?
12
Suppose 2*q = -q + 5*l + 45, 4*l = 2*q - 30. Suppose 0 = -0*a + 3*a + q. What is the remainder when 10 is divided by ((-8)/a)/(10/25)?
2
Suppose -3*x - 3*x - 24 = 0. Let l be x/(-6)*423/(-6)*-1. Suppose 4*h = -3*v + 34 + l, -5*v + 100 = -5*h. What is the remainder when 58 is divided by v?
12
Let s(o) = 23*o**2 - 155*o - 31. What is the remainder when s(14) is divided by 17?
12
Let d = -24305 - -24307. Suppose -2*m + 2 + 0 = 0. Calculate the remainder when d is divided by m.
0
Let d = 75 + -42. Let r(x) = 47*x - 171. What is the remainder when d is divided by r(4)?
16
Let v = 3929 - 2693. What is the remainder when v is divided by 62?
58
Let m be (-16)/3*(-3)/24*78. Suppose 64*n - m*n = 1932. What is the remainder when n is divided by 33?
29
Let w(y) = -8*y - 5. Let r be w(16). Let o = r + 95. Let z = o - -41. What is the remainder when 5 is divided by z?
2
Suppose -o + w = -7, 0 = 27*o - 26*o - 4*w - 10. What is the remainder when 995 is divided by o?
5
Suppose -5*o + 0*o = -r - 20, 4*o + 5 = 5*r. Suppose 0 = -o*a - 5*u + 25, -a - 3 = -0*u + 5*u. Calculate the remainder when 39 is divided by a.
4
Let a be 40/22 + 9/((-495)/(-10)). Suppose -2*p = a*q - 66, 0 = -2*q - 3*p + 